s the highest common factor of 105 and 3213?
21
Calculate the highest common factor of 36 and 300.
12
Calculate the greatest common divisor of 48 and 1376.
16
Calculate the greatest common factor of 14 and 19957.
7
What is the greatest common divisor of 72 and 11112?
24
What is the highest common divisor of 22 and 34?
2
What is the greatest common factor of 756 and 1596?
84
Calculate the greatest common divisor of 123 and 41.
41
Calculate the highest common divisor of 225 and 9.
9
Calculate the highest common factor of 92 and 138.
46
Calculate the greatest common divisor of 50 and 40.
10
Calculate the greatest common factor of 252 and 9.
9
Calculate the highest common divisor of 26608 and 16.
16
Calculate the greatest common divisor of 112 and 32.
16
What is the highest common factor of 10 and 20?
10
Calculate the greatest common factor of 328 and 41.
41
Calculate the greatest common divisor of 1808 and 1921.
113
Calculate the highest common factor of 295 and 177.
59
What is the greatest common divisor of 88 and 496?
8
Calculate the highest common factor of 320 and 688.
16
Calculate the highest common divisor of 3328 and 80.
16
What is the highest common divisor of 14 and 10003?
7
Calculate the highest common factor of 72 and 396.
36
What is the greatest common factor of 7760 and 160?
80
What is the greatest common factor of 60 and 225?
15
What is the highest common divisor of 860 and 4?
4
What is the greatest common divisor of 4264 and 156?
52
What is the highest common divisor of 26 and 39?
13
What is the highest common factor of 24 and 852?
12
Calculate the highest common divisor of 270 and 297.
27
Calculate the highest common divisor of 1 and 397.
1
Calculate the highest common divisor of 150 and 120.
30
What is the highest common factor of 96 and 24?
24
What is the greatest common factor of 24 and 1212?
12
Calculate the highest common divisor of 9401 and 17.
17
Calculate the highest common factor of 220 and 12440.
20
Calculate the greatest common factor of 21 and 19740.
21
Calculate the greatest common divisor of 11 and 11495.
11
What is the greatest common divisor of 574 and 14?
14
Calculate the greatest common factor of 18 and 356.
2
Calculate the highest common factor of 210 and 32970.
210
What is the greatest common factor of 24 and 16?
8
What is the highest common factor of 585 and 325?
65
Calculate the greatest common factor of 588 and 6272.
196
What is the highest common factor of 1070 and 15?
5
Calculate the greatest common divisor of 18 and 5526.
18
What is the greatest common factor of 27 and 1?
1
Calculate the highest common divisor of 224 and 912.
16
What is the greatest common divisor of 151 and 1057?
151
Calculate the highest common divisor of 85 and 646.
17
Calculate the greatest common divisor of 589 and 31.
31
What is the greatest common factor of 6 and 66?
6
What is the highest common divisor of 5 and 335?
5
What is the greatest common divisor of 297 and 3?
3
Calculate the greatest common factor of 6980 and 40.
20
What is the greatest common divisor of 14 and 4?
2
Calculate the highest common factor of 650 and 400.
50
What is the highest common divisor of 76 and 893?
19
What is the highest common factor of 56 and 148?
4
What is the highest common factor of 4575 and 600?
75
What is the greatest common divisor of 47 and 94?
47
What is the greatest common factor of 230 and 40?
10
What is the highest common factor of 779 and 19?
19
Calculate the highest common divisor of 187 and 357.
17
What is the highest common divisor of 2980 and 60?
20
Calculate the highest common divisor of 759 and 92.
23
What is the greatest common divisor of 58 and 899?
29
What is the highest common divisor of 2266 and 1648?
206
Calculate the highest common divisor of 191 and 26167.
191
What is the highest common divisor of 1552 and 679?
97
Calculate the greatest common factor of 3796 and 39.
13
Calculate the greatest common divisor of 176 and 752.
16
Calculate the highest common factor of 384 and 3.
3
Calculate the highest common factor of 21 and 717.
3
What is the greatest common factor of 25 and 20?
5
What is the greatest common divisor of 1000 and 16?
8
What is the highest common divisor of 24930 and 90?
90
What is the greatest common factor of 59 and 2773?
59
Calculate the greatest common factor of 698 and 24.
2
What is the greatest common factor of 81 and 675?
27
Calculate the highest common factor of 3 and 32.
1
Calculate the highest common factor of 237 and 79.
79
Calculate the greatest common factor of 464 and 80.
16
What is the greatest common factor of 2495 and 10?
5
What is the highest common divisor of 308 and 16500?
44
Calculate the greatest common divisor of 188 and 4.
4
Calculate the highest common factor of 28 and 112.
28
Calculate the greatest common divisor of 21 and 7.
7
What is the highest common factor of 6 and 384?
6
What is the greatest common divisor of 8892 and 24?
12
Calculate the greatest common factor of 124 and 20.
4
What is the highest common factor of 77 and 33?
11
What is the highest common divisor of 768 and 72?
24
What is the highest common factor of 9 and 333?
9
What is the greatest common factor of 55 and 205?
5
Calculate the greatest common divisor of 220 and 3696.
44
Calculate the highest common divisor of 92 and 15111.
23
Calculate the highest common factor of 2257 and 37.
37
Calculate the greatest common divisor of 272 and 17.
17
What is the greatest common factor of 12 and 1107?
3
Calculate the highest common divisor of 51 and 2091.
51
Calculate the highest common factor of 425 and 1175.
25
What is the greatest common factor of 6 and 30?
6
What is the greatest common factor of 1150 and 46?
46
What is the greatest common factor of 8 and 7892?
4
Calculate the greatest common divisor of 18 and 162.
18
Calculate the greatest common factor of 145 and 348.
29
Calculate the highest common divisor of 36 and 144.
36
Calculate the highest common divisor of 37446 and 6.
6
What is the highest common divisor of 1180 and 20?
20
Calculate the greatest common divisor of 8 and 28.
4
What is the highest common divisor of 60 and 1596?
12
Calculate the greatest common divisor of 828 and 54.
18
Calculate the highest common divisor of 1 and 127.
1
Calculate the highest common divisor of 80 and 60.
20
Calculate the highest common divisor of 756 and 84.
84
What is the highest common divisor of 672 and 1536?
96
Calculate the greatest common factor of 60 and 4410.
30
Calculate the greatest common divisor of 8 and 3900.
4
Calculate the greatest common divisor of 791 and 273.
7
What is the highest common divisor of 259 and 14?
7
What is the greatest common factor of 336 and 525?
21
Calculate the greatest common divisor of 1251 and 63.
9
What is the highest common factor of 48 and 7184?
16
What is the highest common factor of 420 and 156?
12
What is the greatest common divisor of 38 and 133?
19
What is the highest common factor of 35 and 15?
5
Calculate the highest common divisor of 768 and 276.
12
What is the greatest common divisor of 28 and 140?
28
What is the greatest common divisor of 2 and 62?
2
What is the greatest common factor of 1174 and 2?
2
What is the highest common factor of 1725 and 69?
69
Calculate the greatest common divisor of 5 and 57745.
5
Calculate the highest common factor of 1218 and 58.
58
What is the highest common factor of 617 and 1?
1
Calculate the highest common factor of 1026 and 108.
54
What is the greatest common divisor of 18 and 498?
6
What is the greatest common factor of 220 and 60940?
220
What is the greatest common divisor of 58 and 26854?
58
What is the greatest common divisor of 387 and 172?
43
What is the highest common divisor of 1265 and 345?
115
What is the greatest common divisor of 272 and 48?
16
Calculate the highest common divisor of 144 and 112.
16
Calculate the highest common divisor of 4734 and 162.
18
What is the highest common divisor of 60 and 1296?
12
Calculate the greatest common divisor of 4280 and 40.
40
What is the highest common factor of 156 and 832?
52
Calculate the highest common factor of 15 and 465.
15
What is the highest common factor of 32 and 2848?
32
Calculate the highest common divisor of 2 and 409.
1
Calculate the greatest common divisor of 96 and 1128.
24
What is